*g - 5*i + 12 = 63, 30 = g - 4*i. Let h = g - 1. What is the units digit of h?
7
Suppose 0*a + 2*u = -4*a - 36, -5*a = 2*u + 44. Let v = a - -18. What is the units digit of v?
0
Suppose 2 = -5*x + 27. Suppose 3*u - 26 = j, -u - x*j + 70 = 4*u. Suppose -2*t = -7*t + u. What is the units digit of t?
2
Suppose 3*u + 37 = -v, 4*v + 144 = -2*u - 44. Let t = -31 - v. Suppose 3*h + 2 + 4 = 2*r, 4*r - 3*h = t. What is the units digit of r?
6
Suppose 5*k = 2 + 3. Let f(r) = r**2. Let g be f(k). Suppose i - 5*t = -0*t - 4, -2*t + g = -i. What is the units digit of i?
1
Let m(q) = -q**3 + 6*q**2 + 4*q + 5. Suppose f = 4, -u - 3*u + 2*f = -16. What is the tens digit of m(u)?
2
Suppose -3*u + n = -5, 4*u + n = -3*n + 28. Suppose 4*q - 42 = u*q. What is the units digit of q?
2
What is the tens digit of 2*4/16*74?
3
What is the units digit of 222/12 - 1/(-2)?
9
Let h = -1 + 4. Suppose -4*r + 5 + h = 0. Suppose f + 2 = r*a, 7*a - 2*a + 5 = 5*f. What is the units digit of a?
3
Let s(w) = -4*w - 3. Suppose 2*q - 5 = q. Suppose -2*v + d + 11 = -q*v, -6 = 3*d. What is the units digit of s(v)?
9
Let i(q) = q**3 - 3*q**2 - 7*q - 2. Let w be i(5). Suppose -3*d = -w - 14. What is the units digit of d?
9
Suppose -4*s = -0*s - 16. Suppose 0 = -4*w + s, 3*l + 14 = w + 34. What is the units digit of l?
7
Suppose -5 - 25 = 2*p. What is the units digit of (-12)/p - 342/(-10)?
5
Suppose 2 + 48 = 5*l. What is the units digit of l*(2/(-1) + 4)?
0
Let r(n) = -8*n - 6. What is the tens digit of r(-5)?
3
Let c = 216 - -51. What is the units digit of c?
7
Suppose -1836 = -14*f + 2*f. What is the hundreds digit of f?
1
Let d(x) = 3 + 3*x + 0 - x**2 + 4 - 2. What is the units digit of d(4)?
1
Let t = 3 + 7. Let z(f) = f**3 - 9*f**2 - 8*f - 13. Let k be z(t). Suppose 0 = 5*d - 18 - k. What is the units digit of d?
5
Let j be (-2)/((-8)/(-3) - 2). What is the units digit of 1/1 + 8 - j?
2
Let p(g) = g**2 + g - 2. Let a be 115/(-35) - 4/(-14). Let u be p(a). Suppose 4*x + 6*d - 2*d - 36 = 0, -u*d + 26 = 3*x. What is the tens digit of x?
1
Let t = -295 - -515. Let r = -140 + t. Suppose 0*o + 3*o = 5*v - 80, 5*v - r = -3*o. What is the units digit of v?
6
What is the units digit of -36*(0 - 15/9)?
0
Let m be -1 + 4/(-4 + 2). Let i = 4 + m. What is the units digit of i?
1
Suppose -11 = -4*v - 3. What is the units digit of v?
2
Let y = 2 - 0. Suppose 1 = 5*b - 4, -y*b = -2*a. What is the units digit of a?
1
Let z(v) = -9*v. What is the units digit of z(-4)?
6
Let k(p) = p**2 + 3*p - 2. Let q(d) = d + 1. Let n be q(-5). Let b be k(n). Suppose 4*g = b*g + 2. What is the units digit of g?
1
Suppose -2*s - 8 = 0, 12 = q - s - 67. Suppose -5*j + q = 5*d, 5*j + 2*d = d + 91. What is the units digit of j?
9
Suppose 177 = 4*h + 17. Suppose 5*t - h = 15. What is the tens digit of t?
1
Suppose 7 = 5*h - 3. What is the units digit of (-1 + 13/2)*h?
1
Suppose 4*f - 4 = i, -i + 4*f = 3*i + 4. What is the units digit of (-1 + 0)*(-11 + i)?
1
Suppose -68 - 224 = -4*r. What is the units digit of r?
3
Let h(g) = -2*g - 7. What is the units digit of h(-4)?
1
Suppose 4 = -2*z - 5*c, -3*z - 2*c + 13 = -3. Let u(d) = d**3 - 7*d**2 - 6*d - 10. What is the units digit of u(z)?
6
Let r(l) = 13*l - 1 + 11*l**2 + 4 + 5 - 10*l**2. What is the units digit of r(-14)?
2
Suppose -5*w - 31 = -3*s, -4*w + 64 = -0*s + 5*s. Suppose 10 + 20 = 5*i + 5*c, c = 5*i - s. Suppose 0 = -i*t - 0*t + 15. What is the units digit of t?
5
Let g = 100 + -69. What is the units digit of g?
1
Let c(l) be the first derivative of l**4/6 - 5*l**3/6 - 2*l**2 - 3*l - 1. Let y(z) be the first derivative of c(z). What is the units digit of y(4)?
8
Let i be 1/(-2 - (-122)/62). Let x = 0 - 17. Let z = x - i. What is the units digit of z?
4
Suppose -5 = -3*d + a + 11, -3*a + 8 = 5*d. Let q be (6/d)/((-3)/(-18)). Let c = q - 0. What is the units digit of c?
9
Let i be (-3)/2 + (-39)/(-6). Suppose -3 - 1 = -t + i*q, 4*q + 8 = 2*t. What is the units digit of t?
4
Let x = -3 + 8. Let z = 24 - 11. Suppose -z = -x*t + 27. What is the units digit of t?
8
Let b be 3*(-2)/3*4. Let r(i) = i**2 + 6*i - 11. What is the units digit of r(b)?
5
Let t(z) = -2*z - 6. Let b be t(-7). Suppose -5*w + 2 = -4*o, -2*o = -0*w + 2*w - b. Suppose 1 = x - w. What is the units digit of x?
3
Let b(s) = 19*s**2 + 2*s - 1. Let l be b(1). Let m be ((-4)/8)/((-2)/l). Suppose -3*n + 4*x = -22, m*n - 8 - 6 = x. What is the units digit of n?
2
Suppose 2*v - 4*m = 276, 3*m + 542 = 4*v - 0*m. What is the hundreds digit of v?
1
Let y(k) = 2*k**2 + 12*k + 48. What is the units digit of y(-9)?
2
What is the tens digit of (5 - 1 - 4) + 41?
4
What is the units digit of 8/(-2)*(-1)/2?
2
What is the tens digit of (4/(-1) + -43)/(-1)?
4
Let b(l) = l + 3. Suppose -4*z - 4*d + 3*d = 24, 4*d + 30 = -5*z. Let y be b(z). Let p = y + 4. What is the units digit of p?
1
Let b = 2 - 0. Suppose -d = d. Suppose b*z - 12 = -d*z. What is the units digit of z?
6
Let u be (-5)/(35/(-96))*7. Suppose -4*c - u = -236. What is the tens digit of c?
3
Suppose -5*u + 4*i + 35 = 0, 0 = 3*u - 5*u + 5*i - 3. Suppose u + 19 = s. What is the tens digit of s?
3
What is the units digit of (52/3)/((-12)/(-18))?
6
Let f(d) = d + 5. Let s be f(-3). Suppose 10 = s*p, -2*c + 0*c + p = -3. What is the units digit of c?
4
Let f(r) = 12*r. Let b be f(2). Suppose -5*p + a + 2 = -b, 0 = p - 4*a - 9. Let h(m) = -m + 6. What is the units digit of h(p)?
1
Let n = -11 - -12. What is the tens digit of ((-3)/6)/(n/(-36))?
1
Suppose 3*s - 2*o + o = 212, -4*o = 5*s - 376. What is the units digit of s?
2
Suppose -25 = 5*f, -3*s + 3*f + 46 = -2*f. Let j(k) = k**2 - 11*k + 1. Let p(d) = -d + 1. Let t(y) = -j(y) + 4*p(y). What is the units digit of t(s)?
3
Let a(p) = p + 11. Let c be a(-7). Suppose -v + 0*v = c. Let d = -3 - v. What is the units digit of d?
1
Suppose 3*t - 156 = -q, 2*t - 2*q + 38 - 134 = 0. What is the units digit of t?
1
Suppose 0 = 2*m - m - 22. What is the units digit of m?
2
Let r(u) be the first derivative of 3*u**2 - 3*u + 1. What is the units digit of r(2)?
9
Suppose -13 = 4*i + t, -5*i + 4 = -5*t - 11. Suppose 4*b + 3 + 1 = 0. What is the units digit of b/(i/(-2))*-5?
5
What is the units digit of (-72)/(2*6/(-8))?
8
Let x be 43/9 - 2/(-9). What is the tens digit of 30*(-1 + 7/x)?
1
Let i(c) = 15*c + 1. Let f be i(1). Let a(y) = 5*y**2 - y**2 + 1 + f*y - 18*y. What is the units digit of a(1)?
3
What is the tens digit of -3 - (-1 - -2) - -36?
3
Let b(m) = -5*m**2 + 2*m**2 + m + 0*m. Let j be b(-2). What is the units digit of j/(-6) - (-3)/(-9)?
2
Let r = -1 + 2. Let k(n) = -27*n**2 - 9*n - 7. Let a(w) = 13*w**2 + 4*w + 3. Let o(h) = 7*a(h) + 3*k(h). What is the tens digit of o(r)?
1
Suppose -3*x = 7 + 5. Let j(m) = m**2 + 3*m + 5. What is the units digit of j(x)?
9
Let v(x) = -34*x + 1. What is the tens digit of v(-1)?
3
Let k = 2 + 0. Let i(l) = 4*l + 2 - l**k - 2. What is the units digit of i(3)?
3
Let o = 3 + -6. Let h = o - -1. What is the units digit of h + 3 + 10 + -2?
9
What is the units digit of 4 + (0 - 2) - 0?
2
What is the units digit of 28 + 4/4*-2?
6
Suppose -n = -2*b - 5*n + 32, 2*n = -4. What is the tens digit of b?
2
Let l = -53 + 239. What is the tens digit of l?
8
Let k = 314 - 156. What is the tens digit of k?
5
Let h = 74 + -57. What is the tens digit of h?
1
Let h(n) be the first derivative of -4 + 4*n - 1/4*n**4 + 4/3*n**3 + 3/2*n**2. What is the tens digit of h(4)?
1
Suppose -5*n - 6 = -2*n. What is the units digit of (-3 + (n - -6))*7?
7
Let s(o) = o - 1. Let k be s(3). Let h(b) = 8*b. What is the tens digit of h(k)?
1
Suppose -4*j = -2*j - 4. What is the tens digit of -1 + (3 - j) + 24?
2
Let b = -2 - -4. Let i(v) = 6*v - b*v - 5 - 4*v + 3*v. What is the units digit of i(4)?
7
Let x be 1*6 + -2 + 1. Let c(k) = k - 5. Let m be c(x). Suppose m*u = 3*u - 12. What is the units digit of u?
4
Let j(w) = 2*w**2 - 9*w - 6. Let o be j(7). Let l = o - 14. What is the units digit of l?
5
Let c be (5 + -1)/(-2 + 1). Let x(k) = k**3 + 4*k**2 - k - 4. Let t be x(c). Suppose 5*l - 46 + 11 = t. What is the units digit of l?
7
Let j(z) = -75*z**3 - 2*z**2 + 1. Let n be j(1). Let f be (-6)/27 + n/(-18). Suppose -f*w + 32 = -4*y, -3*w - 3*y - 10 + 46 = 0. What is the tens digit of w?
1
Let o be 2/5 + (-819)/35.